 109
What are the prime factors of 10980?
2, 3, 5, 61
What are the prime factors of 1526?
2, 7, 109
List the prime factors of 4555.
5, 911
What are the prime factors of 10675?
5, 7, 61
What are the prime factors of 551?
19, 29
What are the prime factors of 5420?
2, 5, 271
List the prime factors of 22695.
3, 5, 17, 89
What are the prime factors of 287?
7, 41
What are the prime factors of 6932?
2, 1733
What are the prime factors of 2289?
3, 7, 109
What are the prime factors of 11977?
7, 29, 59
List the prime factors of 969.
3, 17, 19
List the prime factors of 27806.
2, 13903
List the prime factors of 44100.
2, 3, 5, 7
List the prime factors of 467.
467
What are the prime factors of 9052?
2, 31, 73
List the prime factors of 129205.
5, 25841
List the prime factors of 23373.
3, 7, 53
What are the prime factors of 776?
2, 97
List the prime factors of 23381.
103, 227
What are the prime factors of 16850?
2, 5, 337
What are the prime factors of 5611?
31, 181
What are the prime factors of 2590?
2, 5, 7, 37
What are the prime factors of 11020?
2, 5, 19, 29
What are the prime factors of 91?
7, 13
What are the prime factors of 879?
3, 293
What are the prime factors of 129?
3, 43
List the prime factors of 3660.
2, 3, 5, 61
List the prime factors of 573.
3, 191
List the prime factors of 28087.
28087
What are the prime factors of 1020?
2, 3, 5, 17
List the prime factors of 1161.
3, 43
What are the prime factors of 15786?
2, 3, 877
What are the prime factors of 12176?
2, 761
What are the prime factors of 11193?
3, 7, 13, 41
What are the prime factors of 5552?
2, 347
List the prime factors of 49001.
19, 2579
What are the prime factors of 2048?
2
List the prime factors of 64404.
2, 3, 1789
What are the prime factors of 5509?
7, 787
What are the prime factors of 75238?
2, 37619
List the prime factors of 415.
5, 83
What are the prime factors of 3994?
2, 1997
List the prime factors of 461.
461
What are the prime factors of 46344?
2, 3, 1931
List the prime factors of 2738.
2, 37
List the prime factors of 1985.
5, 397
What are the prime factors of 40943?
7, 5849
What are the prime factors of 16813?
17, 23, 43
What are the prime factors of 75861?
3, 8429
What are the prime factors of 11250?
2, 3, 5
List the prime factors of 1239.
3, 7, 59
What are the prime factors of 1518?
2, 3, 11, 23
List the prime factors of 2042.
2, 1021
What are the prime factors of 10956?
2, 3, 11, 83
What are the prime factors of 2370?
2, 3, 5, 79
List the prime factors of 92486.
2, 131, 353
List the prime factors of 38341.
23, 1667
What are the prime factors of 22672?
2, 13, 109
List the prime factors of 73655.
5, 14731
What are the prime factors of 2195?
5, 439
List the prime factors of 10717.
7, 1531
What are the prime factors of 50019?
3, 16673
List the prime factors of 3235.
5, 647
List the prime factors of 10992.
2, 3, 229
What are the prime factors of 1075?
5, 43
List the prime factors of 199854.
2, 3, 3701
List the prime factors of 1372.
2, 7
What are the prime factors of 2551?
2551
What are the prime factors of 11709?
3, 1301
List the prime factors of 9496.
2, 1187
List the prime factors of 29053.
17, 1709
List the prime factors of 1026.
2, 3, 19
What are the prime factors of 3175?
5, 127
What are the prime factors of 93183?
3, 89, 349
List the prime factors of 2870.
2, 5, 7, 41
List the prime factors of 1140.
2, 3, 5, 19
List the prime factors of 1469.
13, 113
What are the prime factors of 4518?
2, 3, 251
List the prime factors of 299.
13, 23
What are the prime factors of 1254?
2, 3, 11, 19
What are the prime factors of 1401?
3, 467
List the prime factors of 12955.
5, 2591
What are the prime factors of 561?
3, 11, 17
List the prime factors of 386.
2, 193
List the prime factors of 7134.
2, 3, 29, 41
List the prime factors of 10947.
3, 41, 89
What are the prime factors of 1329?
3, 443
List the prime factors of 7234.
2, 3617
What are the prime factors of 17949?
3, 31, 193
List the prime factors of 1682.
2, 29
List the prime factors of 1904.
2, 7, 17
What are the prime factors of 40915?
5, 7, 167
What are the prime factors of 872?
2, 109
List the prime factors of 1057.
7, 151
What are the prime factors of 48394?
2, 24197
What are the prime factors of 189?
3, 7
List the prime factors of 112264.
2, 14033
What are the prime factors of 50082?
2, 3, 17, 491
List the prime factors of 110929.
7, 13, 23, 53
What are the prime factors of 24932?
2, 23, 271
List the prime factors of 1179.
3, 131
What are the prime factors of 548?
2, 137
List the prime factors of 1835.
5, 367
List the prime factors of 6351.
3, 29, 73
What are the prime factors of 4297?
4297
What are the prime factors of 3135?
3, 5, 11, 19
What are the prime factors of 27083?
7, 53, 73
What are the prime factors of 2478?
2, 3, 7, 59
List the prime factors of 13765.
5, 2753
List the prime factors of 27677.
13, 2129
What are the prime factors of 33142?
2, 73, 227
List the prime factors of 3918.
2, 3, 653
List the prime factors of 1263.
3, 421
What are the prime factors of 7672?
2, 7, 137
List the prime factors of 969.
3, 17, 19
List the prime factors of 653.
653
What are the prime factors of 539?
7, 11
List the prime factors of 288.
2, 3
What are the prime factors of 194?
2, 97
List the prime factors of 52.
2, 13
What are the prime factors of 804?
2, 3, 67
What are the prime factors of 488?
2, 61
What are the prime factors of 18643?
103, 181
List the prime factors of 45325.
5, 7, 37
List the prime factors of 23108.
2, 53, 109
What are the prime factors of 81523?
13, 6271
List the prime factors of 26438.
2, 13219
What are the prime factors of 42296?
2, 17, 311
What are the prime factors of 18540?
2, 3, 5, 103
List the prime factors of 5554.
2, 2777
What are the prime factors of 5218?
2, 2609
What are the prime factors of 7135?
5, 1427
List the prime factors of 23375.
5, 11, 17
List the prime factors of 496.
2, 31
What are the prime factors of 89334?
2, 3, 7, 709
What are the prime factors of 1031?
1031
What are the prime factors of 781?
11, 71
List the prime factors of 16658.
2, 8329
List the prime factors of 30336.
2, 3, 79
List the prime factors of 13147.
13147
List the prime factors of 1868.
2, 467
What are the prime factors of 17568?
2, 3, 61
What are the prime factors of 2703?
3, 17, 53
What are the prime factors of 10959?
3, 13, 281
What are the prime factors of 455?
5, 7, 13
What are the prime factors of 6053?
6053
List the prime factors of 16416.
2, 3, 19
List the prime factors of 106222.
2, 173, 307
What are the prime factors of 450?
2, 3, 5
List the prime factors of 6318.
2, 3, 13
List the prime factors of 3791.
17, 223
List the prime factors of 6733.
6733
List the prime factors of 14919.
3, 4973
List the prime factors of 2043.
3, 227
What are the prime factors of 2045?
5, 409
What are the prime factors of 1820?
2, 5, 7, 13
List the prime factors of 58034.
2, 29017
What are the prime factors of 4223?
41, 103
List the prime factors of 20066.
2, 79, 127
List the prime factors of 51412.
2, 12853
What are the prime factors of 15623?
17, 919
List the prime factors of 109234.
2, 54617
What are the prime factors of 2302?
2, 1151
List the prime factors of 1508.
2, 13, 29
List the prime factors of 17139.
3, 29, 197
What are the prime factors of 8341?
19, 439
List the prime factors of 848.
2, 53
What are the prime factors of 39023?
39023
List the prime factors of 346.
2, 173
What are the prime factors of 1752?
2, 3, 73
What are the prime factors of 2074?
2, 17, 61
List the prime factors of 1103.
1103
List the prime factors of 2943.
3, 109
List the prime factors of 20818.
2, 7, 1487
List the prime factors of 3585.
3, 5, 239
What are the prime factors of 1358?
2, 7, 97
List the prime factors of 2822.
2, 17, 83
List the prime factors of 633.
3, 211
What are the prime factors of 883?
883
What are the prime factors of 77?
7, 11
What are the prime factors of 10135?
5, 2027
List the prime factors of 2188.
2, 547
What are the prime factors of 10371?
3, 3457
What are the prime factors of 10833?
3, 23, 157
What are the prime factors of 29731?
13, 2287
List the prime factors of 873.
3, 97
What are the prime factors of 11263?
7, 1609
What are the prime factors of 140?
2, 5, 7
What are the prime factors of 8113?
7, 19, 61
What are the prime fac